{"id":2,"date":"2022-03-23T01:13:05","date_gmt":"2022-03-23T01:13:05","guid":{"rendered":"https:\/\/tutranquilo.com.mx\/?page_id=2"},"modified":"2024-01-26T18:08:42","modified_gmt":"2024-01-26T18:08:42","slug":"sample-page","status":"publish","type":"page","link":"https:\/\/impresioneinstalaciondevinil.com.mx\/index.php\/sample-page\/","title":{"rendered":"AVISO DE PRIVACIDAD"},"content":{"rendered":"\n<p>Pol\u00edticas de Privacidad<\/p>\n\n\n\n<p>En el sitio Web<a href=\"https:\/\/impresioneinstalaciondevinil.com.mx\/\"> https:\/\/impresioneinstalaciondevinil.com.mx\/<\/a> , as\u00ed como en el tel\u00e9fono 55 6614 8405 ; en cumplimiento de las disposiciones contenidas en la Ley Federal de Protecci\u00f3n de Datos Personales en Posesi\u00f3n de los Particulares, nos comprometemos a proteger la privacidad de sus datos personales.<\/p>\n\n\n\n<p>Este Aviso de Privacidad detalla la informaci\u00f3n que nos proporciona y como la recabamos, el tratamiento de sus datos personales, el uso que se le d\u00e9 a los mismos y como los protegemos.<\/p>\n\n\n\n<p><strong>LO QUE HACEMOS CON LA INFORMACI\u00d3N<\/strong><\/p>\n\n\n\n<p>Los datos personales ser\u00e1n \u00fanicamente utilizados para las siguientes finalidades: Informarle sobre nuevos productos o servicios que est\u00e9n relacionados con el contratado o adquirido por el cliente Informarle sobre pr\u00f3ximas promociones y estudios internos sobre h\u00e1bitos de consumo.<\/p>\n\n\n\n<p><strong>INFORMACI\u00d3N RECOLECTADA<\/strong><\/p>\n\n\n\n<p>Si usted se registra a trav\u00e9s de nuestro sitio web y\/o por cualquier medio de recolecci\u00f3n de datos, incluyendo medios impresos, electr\u00f3nicos o verbales, recolectaremos y almacenaremos: Nombre completo, Tel\u00e9fono, Correo electr\u00f3nico, Giro o actividad que realiza, Como se entero de nosotros, Compa\u00f1\u00eda para la que trabaja, As\u00ed como la informaci\u00f3n obtenida a trav\u00e9s de otras fuentes que est\u00e1n permitidas por la Ley.<\/p>\n\n\n\n<p>Ninguno considerado como sensible seg\u00fan la Ley Federal de Protecci\u00f3n de Datos Personales en Posesi\u00f3n de los Particulares.<\/p>\n\n\n\n<p><strong>ACEPTACI\u00d3N DEL AVISO DE PRIVACIDAD<\/strong><\/p>\n\n\n\n<p>Al momento de enviar el formulario se le dar\u00e1 a conocer el presente Aviso de Privacidad el cual acepta de forma electr\u00f3nica mediante el icono respectivo.<\/p>\n\n\n\n<p><strong>EJERCICIO DE DERECHOS ARCO<\/strong><\/p>\n\n\n\n<p>Los usuarios de nuestro sitio Web o Call Center pueden ejercer sus derechos de Acceso, Rectificaci\u00f3n, Cancelaci\u00f3n y Oposici\u00f3n (ARCO) respecto de los datos personales recabados, as\u00ed como limitar el uso de los mismos, enviando una solicitud a la direcci\u00f3n de correo electr\u00f3nico a luis@tutranquilo.com.mx<\/p>\n\n\n\n<p>Para nosotros, mantener la privacidad y los procedimientos de seguridad que protegen sus datos personales es muy importante, por lo que, en caso de duda, puede enviarla a la direcci\u00f3n de correo electr\u00f3nico<a href=\"https:\/\/cualitycorporation.com\/holacuality@cualitycorporation.com\">&nbsp;<\/a>&nbsp;luis@tutranquilo.com.mx o comunicarse al tel\u00e9fono: 55 62848095<\/p>\n\n\n\n<p><strong>TRANSMISI\u00d3N DE SUS DATOS<\/strong><\/p>\n\n\n\n<p>Nos comprometemos a no transferir su informaci\u00f3n personal a terceros sin su consentimiento con la excepci\u00f3n de los dispuesto por el art\u00edculo 37 de la Ley de Protecci\u00f3n de Datos Personales en Posesi\u00f3n de Particulares, as\u00ed como que sus datos personales pueden ser transferidos y tratados dentro y fuera del pa\u00eds, por personas distintas a esta Empresa. En ese sentido, su informaci\u00f3n puede ser compartida con Empresas afiliadas o asociadas, para fines de invitaci\u00f3n a otros eventos relacionados a PyMES. Si Usted no manifiesta su oposici\u00f3n para que sus datos personales sean transferidos, se entender\u00e1 que ha otorgado su consentimiento para ello. No se realizar\u00e1n transferencias que contengan datos personales considerados por la Ley como sensibles salvo que se recabe previamente el consentimiento expreso del Titular. Los terceros que reciban la Informaci\u00f3n deber\u00e1n asumir previamente y por escrito, las mismas obligaciones respecto del manejo y cuidado de la Informaci\u00f3n que se establecen en este Aviso de Privacidad.<\/p>\n\n\n\n<p><strong>SEGURIDAD<\/strong><\/p>\n\n\n\n<p>Solamente recolectamos informaci\u00f3n que estimamos razonablemente necesaria para servir con los intereses leg\u00edtimos de nuestro negocio y para cumplir con nuestras obligaciones legales. Protegemos a los titulares de los datos personales por cuanto a su informaci\u00f3n divulgada, utilizando est\u00e1ndares de protecci\u00f3n vigentes en la industria y de conformidad con la Ley Federal de Protecci\u00f3n de Datos Personales en Posesi\u00f3n de los Particulares y de su Reglamento. Con independencia que no exista una \u201cseguridad garantizada\u201d ya sea en Internet o fuera del mismo, nosotros realizamos los esfuerzos comercialmente razonables para lograr que la recolecci\u00f3n de informaci\u00f3n que realicemos se haga de conformidad con toda la legislaci\u00f3n aplicable.<\/p>\n\n\n\n<p><strong>MODIFICACIONES AL AVISO DE PRIVACIDAD<\/strong><\/p>\n\n\n\n<p>Nos reservamos el derecho de efectuar en cualquier momento modificaciones o actualizaciones al Aviso de Privacidad, con el fin de cumplir con nuevas disposiciones establecidas en la Ley de la materia, cambios en las pol\u00edticas internas o nuevos requerimientos para la prestaci\u00f3n u ofrecimiento de nuestros servicios.<\/p>\n\n\n\n<p><strong>INFORMACI\u00d3N<\/strong><\/p>\n\n\n\n<p>Para mayor informaci\u00f3n al respecto visite&nbsp; https:\/\/home.inai.org.mx\/<\/p>\n\n\n\n<p><\/p>\n\n\n\n<p><\/p>\n\n\n\n<blockquote class=\"wp-block-quote is-layout-flow wp-block-quote-is-layout-flow\">\n<p><\/p>\n<\/blockquote>\n\n\n\n<p><\/p>\n","protected":false},"excerpt":{"rendered":"<p>Pol\u00edticas de Privacidad En el sitio Web https:\/\/impresioneinstalaciondevinil.com.mx\/ , as\u00ed como en el tel\u00e9fono 55 6614 8405 ; en cumplimiento de las disposiciones contenidas en la Ley Federal de Protecci\u00f3n de Datos Personales en Posesi\u00f3n de los Particulares, nos comprometemos a proteger la privacidad de sus datos personales. Este Aviso de Privacidad detalla la informaci\u00f3n &hellip;<\/p>\n<p class=\"read-more\"> <a class=\"\" href=\"https:\/\/impresioneinstalaciondevinil.com.mx\/index.php\/sample-page\/\"> <span class=\"screen-reader-text\">AVISO DE PRIVACIDAD<\/span> Leer m\u00e1s &raquo;<\/a><\/p>\n","protected":false},"author":1,"featured_media":0,"parent":0,"menu_order":0,"comment_status":"closed","ping_status":"open","template":"","meta":{"site-sidebar-layout":"default","site-content-layout":"default","ast-main-header-display":"","ast-hfb-above-header-display":"","ast-hfb-below-header-display":"","ast-hfb-mobile-header-display":"","site-post-title":"","ast-breadcrumbs-content":"","ast-featured-img":"","footer-sml-layout":"","theme-transparent-header-meta":"","adv-header-id-meta":"","stick-header-meta":"","header-above-stick-meta":"","header-main-stick-meta":"","header-below-stick-meta":"","_joinchat":[],"footnotes":""},"class_list":["post-2","page","type-page","status-publish","hentry"],"_links":{"self":[{"href":"https:\/\/impresioneinstalaciondevinil.com.mx\/index.php\/wp-json\/wp\/v2\/pages\/2","targetHints":{"allow":["GET"]}}],"collection":[{"href":"https:\/\/impresioneinstalaciondevinil.com.mx\/index.php\/wp-json\/wp\/v2\/pages"}],"about":[{"href":"https:\/\/impresioneinstalaciondevinil.com.mx\/index.php\/wp-json\/wp\/v2\/types\/page"}],"author":[{"embeddable":true,"href":"https:\/\/impresioneinstalaciondevinil.com.mx\/index.php\/wp-json\/wp\/v2\/users\/1"}],"replies":[{"embeddable":true,"href":"https:\/\/impresioneinstalaciondevinil.com.mx\/index.php\/wp-json\/wp\/v2\/comments?post=2"}],"version-history":[{"count":3,"href":"https:\/\/impresioneinstalaciondevinil.com.mx\/index.php\/wp-json\/wp\/v2\/pages\/2\/revisions"}],"predecessor-version":[{"id":698,"href":"https:\/\/impresioneinstalaciondevinil.com.mx\/index.php\/wp-json\/wp\/v2\/pages\/2\/revisions\/698"}],"wp:attachment":[{"href":"https:\/\/impresioneinstalaciondevinil.com.mx\/index.php\/wp-json\/wp\/v2\/media?parent=2"}],"curies":[{"name":"wp","href":"https:\/\/api.w.org\/{rel}","templated":true}]}}